{"id":283,"date":"2026-05-07T11:29:58","date_gmt":"2026-05-07T09:29:58","guid":{"rendered":"https:\/\/localhost\/wordpress\/?page_id=283"},"modified":"2026-05-08T12:34:43","modified_gmt":"2026-05-08T10:34:43","slug":"formacion-no-formal","status":"publish","type":"page","link":"https:\/\/cepermariazambrano.es\/?page_id=283","title":{"rendered":"Formaci\u00f3n no formal"},"content":{"rendered":"\t\t<div data-elementor-type=\"wp-page\" data-elementor-id=\"283\" class=\"elementor elementor-283\">\n\t\t\t\t<div class=\"elementor-element elementor-element-c20e375 e-flex e-con-boxed e-con e-parent\" data-id=\"c20e375\" data-element_type=\"container\" data-e-type=\"container\">\n\t\t\t\t\t<div class=\"e-con-inner\">\n\t\t\t\t<div class=\"elementor-element elementor-element-0146285 elementor-widget elementor-widget-text-editor\" data-id=\"0146285\" data-element_type=\"widget\" data-e-type=\"widget\" data-widget_type=\"text-editor.default\">\n\t\t\t\t\t\t\t\t\t<p data-start=\"36\" data-end=\"389\"><span style=\"color: #3366ff;\">Adem\u00e1s de nuestra formaci\u00f3n reglada, contamos con una amplia oferta educativa no formal orientada al aprendizaje permanente, el desarrollo personal y la mejora de competencias acad\u00e9micas, profesionales y sociales. Estos programas permiten al alumnado ampliar conocimientos, adquirir nuevas habilidades y favorecer su participaci\u00f3n activa en la sociedad.<\/span><\/p><p data-start=\"391\" data-end=\"444\"><span style=\"color: #3366ff;\">Nuestra oferta se organiza en tres grandes apartados:<\/span><\/p><p data-start=\"446\" data-end=\"580\"><span style=\"text-decoration: underline; color: #3366ff;\"><strong data-start=\"446\" data-end=\"474\">Formaci\u00f3n con Titulaci\u00f3n<\/strong><\/span><br \/><span style=\"color: #3366ff;\">Programas dirigidos a la preparaci\u00f3n y obtenci\u00f3n de titulaciones oficiales o al acceso a nuevos estudios:<\/span><\/p><ul data-start=\"582\" data-end=\"695\"><li data-section-id=\"1u4kqlz\" data-start=\"582\" data-end=\"600\"><span style=\"color: #3366ff;\">Graduado Libre<\/span><\/li><li data-section-id=\"1kl0wwp\" data-start=\"601\" data-end=\"615\"><span style=\"color: #3366ff;\">Secundaria<\/span><\/li><li data-section-id=\"saw7bo\" data-start=\"616\" data-end=\"643\"><span style=\"color: #3366ff;\">Acceso a la Universidad<\/span><\/li><li data-section-id=\"1hp1wwy\" data-start=\"644\" data-end=\"695\"><span style=\"color: #3366ff;\">Acceso a la Universidad para Mayores de 25 a\u00f1os<\/span><\/li><\/ul><p data-start=\"697\" data-end=\"858\"><span style=\"text-decoration: underline; color: #3366ff;\"><strong data-start=\"697\" data-end=\"718\">Ciudadan\u00eda Activa<\/strong><\/span><br \/><span style=\"color: #3366ff;\">Espacios formativos destinados a potenciar la participaci\u00f3n social, cultural y personal mediante actividades y talleres en distintas \u00e1reas:<\/span><\/p><ul data-start=\"860\" data-end=\"1009\"><li data-section-id=\"uyict4\" data-start=\"860\" data-end=\"884\"><span style=\"color: #3366ff;\">Cultura Emprendedora<\/span><\/li><li data-section-id=\"1qptlxj\" data-start=\"885\" data-end=\"900\"><span style=\"color: #3366ff;\">Inform\u00e1tica<\/span><\/li><li data-section-id=\"19r55xa\" data-start=\"901\" data-end=\"911\"><span style=\"color: #3366ff;\">Ingl\u00e9s<\/span><\/li><li data-section-id=\"1v01sne\" data-start=\"912\" data-end=\"923\"><span style=\"color: #3366ff;\">Franc\u00e9s<\/span><\/li><li data-section-id=\"1wkcyga\" data-start=\"924\" data-end=\"932\"><span style=\"color: #3366ff;\">Arte<\/span><\/li><li data-section-id=\"ba6syy\" data-start=\"933\" data-end=\"961\"><span style=\"color: #3366ff;\">Espa\u00f1ol para Extranjeros<\/span><\/li><li data-section-id=\"51wdhz\" data-start=\"962\" data-end=\"980\"><span style=\"color: #3366ff;\">Vida Saludable<\/span><\/li><li data-section-id=\"h7im2z\" data-start=\"981\" data-end=\"994\"><span style=\"color: #3366ff;\">Nutrici\u00f3n<\/span><\/li><li data-section-id=\"1afgf7g\" data-start=\"995\" data-end=\"1009\"><span style=\"color: #3366ff;\">Patrimonio<\/span><\/li><\/ul><p data-start=\"1011\" data-end=\"1271\" data-is-last-node=\"\" data-is-only-node=\"\"><span style=\"color: #3366ff;\">A trav\u00e9s de esta oferta educativa no formal, buscamos promover una formaci\u00f3n abierta, din\u00e1mica e inclusiva, adaptada a los intereses y necesidades de nuestro alumnado, favoreciendo el aprendizaje a lo largo de la vida y el crecimiento integral de las personas.<\/span><\/p>\t\t\t\t\t\t\t\t<\/div>\n\t\t\t\t\t<\/div>\n\t\t\t\t<\/div>\n\t\t\t\t<\/div>\n\t\t","protected":false},"excerpt":{"rendered":"<p>Adem\u00e1s de nuestra formaci\u00f3n reglada, contamos con una amplia oferta educativa no formal orientada al aprendizaje permanente, el desarrollo personal [&hellip;]<\/p>\n","protected":false},"author":1,"featured_media":0,"parent":0,"menu_order":0,"comment_status":"closed","ping_status":"closed","template":"","meta":{"site-sidebar-layout":"no-sidebar","site-content-layout":"","ast-site-content-layout":"full-width-container","site-content-style":"default","site-sidebar-style":"default","ast-global-header-display":"","ast-banner-title-visibility":"","ast-main-header-display":"","ast-hfb-above-header-display":"","ast-hfb-below-header-display":"","ast-hfb-mobile-header-display":"","site-post-title":"","ast-breadcrumbs-content":"","ast-featured-img":"disabled","footer-sml-layout":"","ast-disable-related-posts":"","theme-transparent-header-meta":"","adv-header-id-meta":"","stick-header-meta":"","header-above-stick-meta":"","header-main-stick-meta":"","header-below-stick-meta":"","astra-migrate-meta-layouts":"default","ast-page-background-enabled":"default","ast-page-background-meta":{"desktop":{"background-color":"var(--ast-global-color-5)","background-image":"","background-repeat":"repeat","background-position":"center center","background-size":"auto","background-attachment":"scroll","background-type":"","background-media":"","overlay-type":"","overlay-color":"","overlay-opacity":"","overlay-gradient":""},"tablet":{"background-color":"","background-image":"","background-repeat":"repeat","background-position":"center center","background-size":"auto","background-attachment":"scroll","background-type":"","background-media":"","overlay-type":"","overlay-color":"","overlay-opacity":"","overlay-gradient":""},"mobile":{"background-color":"","background-image":"","background-repeat":"repeat","background-position":"center center","background-size":"auto","background-attachment":"scroll","background-type":"","background-media":"","overlay-type":"","overlay-color":"","overlay-opacity":"","overlay-gradient":""}},"ast-content-background-meta":{"desktop":{"background-color":"var(--ast-global-color-4)","background-image":"","background-repeat":"repeat","background-position":"center center","background-size":"auto","background-attachment":"scroll","background-type":"","background-media":"","overlay-type":"","overlay-color":"","overlay-opacity":"","overlay-gradient":""},"tablet":{"background-color":"var(--ast-global-color-4)","background-image":"","background-repeat":"repeat","background-position":"center center","background-size":"auto","background-attachment":"scroll","background-type":"","background-media":"","overlay-type":"","overlay-color":"","overlay-opacity":"","overlay-gradient":""},"mobile":{"background-color":"var(--ast-global-color-4)","background-image":"","background-repeat":"repeat","background-position":"center center","background-size":"auto","background-attachment":"scroll","background-type":"","background-media":"","overlay-type":"","overlay-color":"","overlay-opacity":"","overlay-gradient":""}},"footnotes":""},"class_list":["post-283","page","type-page","status-publish","hentry"],"yoast_head":"<!-- This site is optimized with the Yoast SEO plugin v27.1.1 - https:\/\/yoast.com\/product\/yoast-seo-wordpress\/ -->\n<title>Formaci\u00f3n no formal - CEPER Mar\u00eda Zambrano<\/title>\n<meta name=\"robots\" content=\"index, follow, max-snippet:-1, max-image-preview:large, max-video-preview:-1\" \/>\n<link rel=\"canonical\" href=\"https:\/\/cepermariazambrano.es\/?page_id=283\" \/>\n<meta property=\"og:locale\" content=\"es_ES\" \/>\n<meta property=\"og:type\" content=\"article\" \/>\n<meta property=\"og:title\" content=\"Formaci\u00f3n no formal - CEPER Mar\u00eda Zambrano\" \/>\n<meta property=\"og:description\" content=\"Adem\u00e1s de nuestra formaci\u00f3n reglada, contamos con una amplia oferta educativa no formal orientada al aprendizaje permanente, el desarrollo personal [&hellip;]\" \/>\n<meta property=\"og:url\" content=\"https:\/\/cepermariazambrano.es\/?page_id=283\" \/>\n<meta property=\"og:site_name\" content=\"CEPER Mar\u00eda Zambrano\" \/>\n<meta property=\"article:modified_time\" content=\"2026-05-08T10:34:43+00:00\" \/>\n<meta name=\"twitter:card\" content=\"summary_large_image\" \/>\n<meta name=\"twitter:label1\" content=\"Tiempo de lectura\" \/>\n\t<meta name=\"twitter:data1\" content=\"1 minuto\" \/>\n<script type=\"application\/ld+json\" class=\"yoast-schema-graph\">{\"@context\":\"https:\/\/schema.org\",\"@graph\":[{\"@type\":\"WebPage\",\"@id\":\"https:\/\/cepermariazambrano.es\/?page_id=283\",\"url\":\"https:\/\/cepermariazambrano.es\/?page_id=283\",\"name\":\"Formaci\u00f3n no formal - CEPER Mar\u00eda Zambrano\",\"isPartOf\":{\"@id\":\"https:\/\/cepermariazambrano.es\/#website\"},\"datePublished\":\"2026-05-07T09:29:58+00:00\",\"dateModified\":\"2026-05-08T10:34:43+00:00\",\"breadcrumb\":{\"@id\":\"https:\/\/cepermariazambrano.es\/?page_id=283#breadcrumb\"},\"inLanguage\":\"es\",\"potentialAction\":[{\"@type\":\"ReadAction\",\"target\":[\"https:\/\/cepermariazambrano.es\/?page_id=283\"]}]},{\"@type\":\"BreadcrumbList\",\"@id\":\"https:\/\/cepermariazambrano.es\/?page_id=283#breadcrumb\",\"itemListElement\":[{\"@type\":\"ListItem\",\"position\":1,\"name\":\"Portada\",\"item\":\"https:\/\/cepermariazambrano.es\/\"},{\"@type\":\"ListItem\",\"position\":2,\"name\":\"Formaci\u00f3n no formal\"}]},{\"@type\":\"WebSite\",\"@id\":\"https:\/\/cepermariazambrano.es\/#website\",\"url\":\"https:\/\/cepermariazambrano.es\/\",\"name\":\"CEPER Mar\u00eda Zambrano\",\"description\":\"Centro de Educaci\u00f3n Permanente en San Fernando\",\"potentialAction\":[{\"@type\":\"SearchAction\",\"target\":{\"@type\":\"EntryPoint\",\"urlTemplate\":\"https:\/\/cepermariazambrano.es\/?s={search_term_string}\"},\"query-input\":{\"@type\":\"PropertyValueSpecification\",\"valueRequired\":true,\"valueName\":\"search_term_string\"}}],\"inLanguage\":\"es\"}]}<\/script>\n<!-- \/ Yoast SEO plugin. -->","yoast_head_json":{"title":"Formaci\u00f3n no formal - CEPER Mar\u00eda Zambrano","robots":{"index":"index","follow":"follow","max-snippet":"max-snippet:-1","max-image-preview":"max-image-preview:large","max-video-preview":"max-video-preview:-1"},"canonical":"https:\/\/cepermariazambrano.es\/?page_id=283","og_locale":"es_ES","og_type":"article","og_title":"Formaci\u00f3n no formal - CEPER Mar\u00eda Zambrano","og_description":"Adem\u00e1s de nuestra formaci\u00f3n reglada, contamos con una amplia oferta educativa no formal orientada al aprendizaje permanente, el desarrollo personal [&hellip;]","og_url":"https:\/\/cepermariazambrano.es\/?page_id=283","og_site_name":"CEPER Mar\u00eda Zambrano","article_modified_time":"2026-05-08T10:34:43+00:00","twitter_card":"summary_large_image","twitter_misc":{"Tiempo de lectura":"1 minuto"},"schema":{"@context":"https:\/\/schema.org","@graph":[{"@type":"WebPage","@id":"https:\/\/cepermariazambrano.es\/?page_id=283","url":"https:\/\/cepermariazambrano.es\/?page_id=283","name":"Formaci\u00f3n no formal - CEPER Mar\u00eda Zambrano","isPartOf":{"@id":"https:\/\/cepermariazambrano.es\/#website"},"datePublished":"2026-05-07T09:29:58+00:00","dateModified":"2026-05-08T10:34:43+00:00","breadcrumb":{"@id":"https:\/\/cepermariazambrano.es\/?page_id=283#breadcrumb"},"inLanguage":"es","potentialAction":[{"@type":"ReadAction","target":["https:\/\/cepermariazambrano.es\/?page_id=283"]}]},{"@type":"BreadcrumbList","@id":"https:\/\/cepermariazambrano.es\/?page_id=283#breadcrumb","itemListElement":[{"@type":"ListItem","position":1,"name":"Portada","item":"https:\/\/cepermariazambrano.es\/"},{"@type":"ListItem","position":2,"name":"Formaci\u00f3n no formal"}]},{"@type":"WebSite","@id":"https:\/\/cepermariazambrano.es\/#website","url":"https:\/\/cepermariazambrano.es\/","name":"CEPER Mar\u00eda Zambrano","description":"Centro de Educaci\u00f3n Permanente en San Fernando","potentialAction":[{"@type":"SearchAction","target":{"@type":"EntryPoint","urlTemplate":"https:\/\/cepermariazambrano.es\/?s={search_term_string}"},"query-input":{"@type":"PropertyValueSpecification","valueRequired":true,"valueName":"search_term_string"}}],"inLanguage":"es"}]}},"_links":{"self":[{"href":"https:\/\/cepermariazambrano.es\/index.php?rest_route=\/wp\/v2\/pages\/283","targetHints":{"allow":["GET"]}}],"collection":[{"href":"https:\/\/cepermariazambrano.es\/index.php?rest_route=\/wp\/v2\/pages"}],"about":[{"href":"https:\/\/cepermariazambrano.es\/index.php?rest_route=\/wp\/v2\/types\/page"}],"author":[{"embeddable":true,"href":"https:\/\/cepermariazambrano.es\/index.php?rest_route=\/wp\/v2\/users\/1"}],"replies":[{"embeddable":true,"href":"https:\/\/cepermariazambrano.es\/index.php?rest_route=%2Fwp%2Fv2%2Fcomments&post=283"}],"version-history":[{"count":13,"href":"https:\/\/cepermariazambrano.es\/index.php?rest_route=\/wp\/v2\/pages\/283\/revisions"}],"predecessor-version":[{"id":317,"href":"https:\/\/cepermariazambrano.es\/index.php?rest_route=\/wp\/v2\/pages\/283\/revisions\/317"}],"wp:attachment":[{"href":"https:\/\/cepermariazambrano.es\/index.php?rest_route=%2Fwp%2Fv2%2Fmedia&parent=283"}],"curies":[{"name":"wp","href":"https:\/\/api.w.org\/{rel}","templated":true}]}}